{"id":39,"date":"2017-12-30T17:30:05","date_gmt":"2017-12-30T17:30:05","guid":{"rendered":"http:\/\/wordpress.buergerhaus-weeze.de\/?page_id=39"},"modified":"2026-04-13T09:38:13","modified_gmt":"2026-04-13T08:38:13","slug":"buergerhaus-weeze","status":"publish","type":"page","link":"https:\/\/www.buergerhaus-weeze.de\/","title":{"rendered":"Herzlich Willkommen"},"content":{"rendered":"<h4>Gerne begr\u00fc\u00dfen wir Sie in unserem B\u00fcrgerhaus. Sie k\u00f6nnen unser B\u00fcrgerhaus unter der E-Mail: <a title=\"mailto:reservierung@buergerhaus-weeze.de\" href=\"mailto:reservierung@buergerhaus-weeze.de\">reservierung@buergerhaus-weeze.de<\/a> buchen.<\/h4>\n<h4>Bei Veranstaltungen w\u00fcrden wir uns \u00fcber einen Flyer zur Ver\u00f6ffentlichung auf unseren Seiten freuen.<\/h4>\n<h4><\/h4>\n<h4><strong><span class=\"d2edcug0 hpfvmrgz qv66sw1b c1et5uql oi732d6d ik7dh3pa ht8s03o8 a8c37x1j fe6kdd0r mau55g9w c8b282yb keod5gw0 nxhoafnm aigsh9s9 d3f4x2em iv3no6db jq4qci2q a3bd9o3v b1v8xokw oo9gr5id hzawbc8m\" dir=\"auto\">Hinweis: Aus aktuellem Anlass ist unser<\/span><\/strong><strong><span class=\"d2edcug0 hpfvmrgz qv66sw1b c1et5uql oi732d6d ik7dh3pa ht8s03o8 a8c37x1j fe6kdd0r mau55g9w c8b282yb keod5gw0 nxhoafnm aigsh9s9 d3f4x2em iv3no6db jq4qci2q a3bd9o3v b1v8xokw oo9gr5id hzawbc8m\" dir=\"auto\"> B\u00fcro nicht immer besetzt. Bitte kontaktieren Sie uns \u00fcber unsere E-Mail Adresse &#8211; <a title=\"mailto:office@buergerhaus-weeze.de\" href=\"mailto:office@buergerhaus-weeze.de\">office@buergerhaus-weeze.de<\/a> &#8211; oder telefonisch unter 02837 6637200. Danke f\u00fcr ihr Verst\u00e4ndnis. Ihr TEAM vom B\u00fcrgerhaus Weeze<\/span><\/strong><\/h4>\n<table>\n<tbody>\n<tr>\n<td width=\"307\"><img loading=\"lazy\" decoding=\"async\" class=\" wp-image-82 aligncenter\" src=\"http:\/\/www.buergerhaus-weeze.de\/wp-content\/uploads\/2017\/12\/Buergerhaus-Weeze-Aussen-2.jpg\" alt=\"\" width=\"452\" height=\"271\" srcset=\"https:\/\/www.buergerhaus-weeze.de\/wp-content\/uploads\/2017\/12\/Buergerhaus-Weeze-Aussen-2.jpg 390w, https:\/\/www.buergerhaus-weeze.de\/wp-content\/uploads\/2017\/12\/Buergerhaus-Weeze-Aussen-2-300x180.jpg 300w\" sizes=\"auto, (max-width: 452px) 100vw, 452px\" \/><\/td>\n<td width=\"307\"><img loading=\"lazy\" decoding=\"async\" class=\" wp-image-91 aligncenter\" src=\"http:\/\/www.buergerhaus-weeze.de\/wp-content\/uploads\/2017\/12\/Buergerhaus-Weeze-4-2.jpg\" alt=\"\" width=\"450\" height=\"270\" srcset=\"https:\/\/www.buergerhaus-weeze.de\/wp-content\/uploads\/2017\/12\/Buergerhaus-Weeze-4-2.jpg 390w, https:\/\/www.buergerhaus-weeze.de\/wp-content\/uploads\/2017\/12\/Buergerhaus-Weeze-4-2-300x180.jpg 300w\" sizes=\"auto, (max-width: 450px) 100vw, 450px\" \/><\/td>\n<\/tr>\n<\/tbody>\n<\/table>\n<table>\n<tbody>\n<tr>\n<td width=\"307\">\n<div>\n<div class=\"\" dir=\"auto\">\n<div id=\"jsc_c_bz\" class=\"ecm0bbzt hv4rvrfc ihqw7lf3 dati1w0a\" data-ad-comet-preview=\"message\" data-ad-preview=\"message\">\n<h6>Wolfgang Trepper &#8211; TOUR 26 &#8211; Donnerstag 24.09.2026 um 20:00 Uhr<\/h6>\n<h6>Tour 26 &#8211; das neue Programm mit dem Besten von Wolfgang Trepper. F\u00fcr manche eine Drohung, also f\u00fcr Politiker, Fernsehmacher,Schlagerfreunde und ewig gestrige. F\u00fcr andere eine gute Nachricht. F\u00fcr die, die die einzigartige Mischung uns bitterb\u00f6sem Kabarett und zu Herzen gehenden Texten m\u00f6gen und sch\u00e4tzen.<\/h6>\n<h6>Gerade zusammen mit Hape Kerkeling und Gerburg Jahnke mit dem Hurz ausgezeichnet, gehts weiter auf Tour. Kommen k\u00f6nnen alle, denn Trepper legt so los, wie sie es kennen.Er sagt, er sei viel ruhiger geworden, aber sehen Sie selbst&#8230; Das Programm 2026 wird genauso, wie die anderen: Kompromi\u00dflos brachial und zartweich. Frech wie sonstwas und menschelnd leise &#8211; Wolfgang Trepper eben.<\/h6>\n<h6>Ein Abend der h\u00e4ngenbleibt- So oder so!<\/h6>\n<h6>Kartenbestellung unter folgendem LINK: <a href=\"https:\/\/www.reservix.de\/tickets-wolfgang-trepper-tour-26-in-weeze-buergerhaus-weeze-am-24-9-2026\/e2446092\">Ticketportal<\/a><\/h6>\n<h6>Tickets f\u00fcr Rollstuhlfahrer und deren Begleitperson sind telefonisch \u00fcber den Veranstalter erh\u00e4ltlich. Tel.: 02821-24161<\/h6>\n<p><img loading=\"lazy\" decoding=\"async\" class=\"alignnone wp-image-770\" src=\"http:\/\/www.buergerhaus-weeze.de\/wp-content\/uploads\/2026\/03\/detailGroup_291488.jpg\" alt=\"\" width=\"527\" height=\"352\" \/><\/p>\n<p>Foto: Ingo Boelter<\/p>\n<\/div>\n<\/div>\n<\/div>\n<\/td>\n<td width=\"307\">Sie finden hier Informationen rund um unser B\u00fcrgerhaus in Weeze.<\/p>\n<div class=\"style_2\">\n<p class=\"paragraph_style\">Zurzeit werden Reservierungen f\u00fcr das B\u00fcrgerhaus unter der E-Mail: <a title=\"mailto:reservierung@buergerhaus-weeze.de\" href=\"mailto:reservierung@buergerhaus-weeze.de\">reservierung@buergerhaus-weeze.de<\/a> oder w\u00e4hrend unserer Sprechstunden jeweils Dienstags von 17.30 Uhr bis 19.00 Uhr im B\u00fcrgerhausb\u00fcro entgegen genommen.<br \/>\nTelefon B\u00fcro B\u00fcrgerhaus: +49 2837 66 37 200<\/p>\n<p>Hinweis: Aus aktuellem Anlass ist unserer B\u00fcro nicht immer besetzt. Bitte kontaktieren Sie uns \u00fcber unsere E-Mail Adresse oder telefonisch. Danke f\u00fcr ihr Verst\u00e4ndnis. Ihr TEAM vom B\u00fcrgerhaus Weeze.<\/p>\n<h5>ADRESSE:<\/h5>\n<div class=\"style_2\">\n<div id=\"id5\" class=\"style_SkipStroke_4 shape-with-text\">\n<div class=\"text-content style_External_263_373\">\n<div class=\"style_3\">\n<p class=\"paragraph_style_3\">B\u00fcrgerhaus Weeze<br \/>\nVittinghoff-Schell-Park 1<br \/>\n47652 Weeze<br \/>\nTelefon: +49 2837 6637200<br \/>\nE-MAil: <a title=\"mailto:office@buergerhaus-weeze.de\" href=\"mailto:office@buergerhaus-weeze.de\">office@buergerhaus-weeze.de<\/a><br \/>\nE-Mail: <a title=\"mailto:info@buergerhaus-weeze.de\" href=\"mailto:info@buergerhaus-weeze.de\">info@buergerhaus-weeze.de<\/a><\/p>\n<h5>ADRESSE Zusatzparkplatz:<\/h5>\n<div class=\"style_2\">\n<div id=\"id5\" class=\"style_SkipStroke_4 shape-with-text\">\n<div class=\"text-content style_External_263_373\">\n<div class=\"style_3\">\n<p class=\"paragraph_style_8\">Holtumsweg (gegen\u00fcber Haus-Nr. 6), 47652 Weeze<br \/>\nAm B\u00fcrgerhaus selbst steht eine begrenzte Anzahl an Parkfl\u00e4che zur Verf\u00fcgung. Bitte benutzen Sie den Zusatzparkplatz &#8211; keine zwei Gehminuten.<\/p>\n<\/div>\n<\/div>\n<\/div>\n<\/div>\n<\/div>\n<\/div>\n<\/div>\n<\/div>\n<\/div>\n<\/td>\n<\/tr>\n<\/tbody>\n<\/table>\n<table>\n<tbody>\n<tr>\n<td width=\"307\">\n<h6 style=\"text-align: left;\">WEITERE PARKPL\u00c4TZE<\/h6>\n<p class=\"paragraph_style_8\" style=\"text-align: left;\">finden Sie am Holtumsweg, direkt neben den P &amp; R \u2013 Pl\u00e4tzen am Bahnhof.<br \/>\nUnser B\u00fcrgerhaus ist aber auch mit Bus und Bahn sehr gut zu erreichen.<\/p>\n<p class=\"paragraph_style_8\" style=\"text-align: left;\"><iframe loading=\"lazy\" style=\"border: 0;\" src=\"https:\/\/www.google.com\/maps\/embed?pb=!1m18!1m12!1m3!1d2476.904375262431!2d6.195198279982381!3d51.62496081419601!2m3!1f0!2f0!3f0!3m2!1i1024!2i768!4f13.1!3m3!1m2!1s0x47c76f5d852c0d2d%3A0x3b0127378c42bf3e!2sVittinghoff-Schell-Park%2C+47652+Weeze!5e0!3m2!1sde!2sde!4v1515153077275\" width=\"600\" height=\"450\" frameborder=\"0\" allowfullscreen=\"allowfullscreen\"><\/iframe><\/p>\n<\/td>\n<td width=\"307\"><\/td>\n<\/tr>\n<\/tbody>\n<\/table>\n<p>&nbsp;<\/p>\n<table>\n<tbody>\n<tr>\n<td width=\"307\">\n<h6>Hauptsponsor:<\/h6>\n<\/td>\n<td width=\"307\">\n<h6>Sparkasse Rhein-Maas<\/h6>\n<\/td>\n<\/tr>\n<\/tbody>\n<\/table>\n","protected":false},"excerpt":{"rendered":"<p>Gerne begr\u00fc\u00dfen wir Sie in unserem B\u00fcrgerhaus. Sie k\u00f6nnen unser B\u00fcrgerhaus unter der E-Mail: reservierung@buergerhaus-weeze.de buchen. Bei Veranstaltungen w\u00fcrden wir uns \u00fcber einen Flyer zur Ver\u00f6ffentlichung auf unseren Seiten freuen. Hinweis: Aus aktuellem Anlass ist unser B\u00fcro nicht immer besetzt. Bitte kontaktieren Sie uns \u00fcber unsere E-Mail Adresse &#8211; office@buergerhaus-weeze.de &#8211; oder telefonisch unter 02837 [&hellip;]<\/p>\n","protected":false},"author":1,"featured_media":0,"parent":0,"menu_order":0,"comment_status":"closed","ping_status":"closed","template":"","meta":{"site-sidebar-layout":"default","site-content-layout":"default","ast-site-content-layout":"default","site-content-style":"default","site-sidebar-style":"default","ast-global-header-display":"","ast-banner-title-visibility":"","ast-main-header-display":"","ast-hfb-above-header-display":"","ast-hfb-below-header-display":"","ast-hfb-mobile-header-display":"","site-post-title":"","ast-breadcrumbs-content":"","ast-featured-img":"","footer-sml-layout":"","theme-transparent-header-meta":"default","adv-header-id-meta":"","stick-header-meta":"","header-above-stick-meta":"","header-main-stick-meta":"","header-below-stick-meta":"","astra-migrate-meta-layouts":"set","ast-page-background-enabled":"default","ast-page-background-meta":{"desktop":{"background-color":"","background-image":"","background-repeat":"repeat","background-position":"center center","background-size":"auto","background-attachment":"scroll","background-type":"","background-media":"","overlay-type":"","overlay-color":"","overlay-opacity":"","overlay-gradient":""},"tablet":{"background-color":"","background-image":"","background-repeat":"repeat","background-position":"center center","background-size":"auto","background-attachment":"scroll","background-type":"","background-media":"","overlay-type":"","overlay-color":"","overlay-opacity":"","overlay-gradient":""},"mobile":{"background-color":"","background-image":"","background-repeat":"repeat","background-position":"center center","background-size":"auto","background-attachment":"scroll","background-type":"","background-media":"","overlay-type":"","overlay-color":"","overlay-opacity":"","overlay-gradient":""}},"ast-content-background-meta":{"desktop":{"background-color":"var(--ast-global-color-5)","background-image":"","background-repeat":"repeat","background-position":"center center","background-size":"auto","background-attachment":"scroll","background-type":"","background-media":"","overlay-type":"","overlay-color":"","overlay-opacity":"","overlay-gradient":""},"tablet":{"background-color":"var(--ast-global-color-5)","background-image":"","background-repeat":"repeat","background-position":"center center","background-size":"auto","background-attachment":"scroll","background-type":"","background-media":"","overlay-type":"","overlay-color":"","overlay-opacity":"","overlay-gradient":""},"mobile":{"background-color":"var(--ast-global-color-5)","background-image":"","background-repeat":"repeat","background-position":"center center","background-size":"auto","background-attachment":"scroll","background-type":"","background-media":"","overlay-type":"","overlay-color":"","overlay-opacity":"","overlay-gradient":""}},"footnotes":""},"class_list":["post-39","page","type-page","status-publish","hentry"],"_links":{"self":[{"href":"https:\/\/www.buergerhaus-weeze.de\/index.php?rest_route=\/wp\/v2\/pages\/39","targetHints":{"allow":["GET"]}}],"collection":[{"href":"https:\/\/www.buergerhaus-weeze.de\/index.php?rest_route=\/wp\/v2\/pages"}],"about":[{"href":"https:\/\/www.buergerhaus-weeze.de\/index.php?rest_route=\/wp\/v2\/types\/page"}],"author":[{"embeddable":true,"href":"https:\/\/www.buergerhaus-weeze.de\/index.php?rest_route=\/wp\/v2\/users\/1"}],"replies":[{"embeddable":true,"href":"https:\/\/www.buergerhaus-weeze.de\/index.php?rest_route=%2Fwp%2Fv2%2Fcomments&post=39"}],"version-history":[{"count":198,"href":"https:\/\/www.buergerhaus-weeze.de\/index.php?rest_route=\/wp\/v2\/pages\/39\/revisions"}],"predecessor-version":[{"id":774,"href":"https:\/\/www.buergerhaus-weeze.de\/index.php?rest_route=\/wp\/v2\/pages\/39\/revisions\/774"}],"wp:attachment":[{"href":"https:\/\/www.buergerhaus-weeze.de\/index.php?rest_route=%2Fwp%2Fv2%2Fmedia&parent=39"}],"curies":[{"name":"wp","href":"https:\/\/api.w.org\/{rel}","templated":true}]}}